15). Calculate the highest common factor of 77 and y.
11
Let g(h) be the third derivative of -h**5/30 + h**4/3 + h**3/3 - 26*h**2. Let p be g(4). What is the highest common divisor of p and 2?
2
Suppose -n + 5*z = -120 + 30, n - 82 = 3*z. Let m(w) = 2*w**3 + 44*w**2 - 39*w + 189. Let d be m(-23). Calculate the greatest common divisor of d and n.
14
Suppose 0 = -18*v + 8*v + 2240. Calculate the highest common factor of v and 392.
56
Suppose 2*r + r - 18 = 0. Let p(c) = -c + 7. Let l be p(r). Calculate the greatest common divisor of 2 and l.
1
Let l = -14 - -15. Let b = l - -10. What is the highest common divisor of b and 33?
11
Let n(f) = f**3 + f**2 + 2*f - 4. Let r be n(6). Calculate the highest common factor of r and 40.
20
Suppose -2 = -3*z + 1. Suppose -8 = -4*j - 0. Let t be 5 + j*1/(-2). Calculate the greatest common factor of z and t.
1
Let d be 28/(-16)*6*(-16)/12. What is the highest common factor of d and 126?
14
Suppose 7*o - 26 = 16. Suppose 0*r + 5*r = 25. Suppose -r*s - 12 = -3*i, 2*s = 4*i + i - 39. What is the highest common factor of o and i?
3
Let h be (-2)/(-7) - (-54)/(-42). Let i = -95 + 115. Let w = i - h. What is the highest common divisor of w and 42?
21
Let h = -4 - -7. Let v be 5 + -6 - (-107 - 1). Let i = v - 74. What is the greatest common divisor of i and h?
3
Let i(k) = 16*k. Let a be i(2). Suppose 96 = 22*s - 19*s. Calculate the highest common factor of s and a.
32
Let r be 1 + 32 - (-15)/(-5). Suppose 29*h + 20 = r*h. What is the highest common divisor of h and 5?
5
Let i(c) = 38*c. Let d be i(1). What is the highest common divisor of d and 38?
38
Let v = 161 + -156. What is the greatest common divisor of v and 2?
1
Suppose 0 = 38*o - 30*o - 1904. What is the greatest common factor of o and 98?
14
Let n(a) = 2*a**2 - a + 1. Suppose 0 = 4*u + 4 - 0, -o - 3*u = 2. Let x be n(o). Let p be x/(2*(-2)/(-60)). Calculate the greatest common factor of p and 6.
6
Suppose -7*d + 131 + 233 = 0. Calculate the greatest common factor of 13 and d.
13
Let b(x) = -6*x - 1. Let k be b(-1). Suppose k*l = 9*l - 20. Let t(w) = -w - 2. Let g be t(-4). What is the highest common factor of l and g?
1
Let u be (96/40)/(2/5). Suppose 4*v = -s + 107, s + 439 = u*s - 4*v. What is the highest common divisor of 13 and s?
13
Suppose c - 4 = -10. Let r = -1273 - -1272. Let k = r - c. What is the highest common divisor of 20 and k?
5
Let a(x) = x**3 - 5*x**2 + 2*x + 7. Let k be a(3). Let w(l) = -l**2 - 6*l + 2. Let i be w(k). What is the highest common factor of i and 28?
7
Suppose 2*m + 4*m - 300 = 0. Suppose -51*z + m*z + 240 = 0. What is the greatest common factor of z and 15?
15
Let u = -217 - -228. Suppose -x - 4*f = -3, 5 + 2 = x + 2*f. Calculate the greatest common divisor of u and x.
11
Suppose 4*z + 5*v = 71, -2*z - 4*v = -11 - 17. Let r be (-20)/3*(-168)/35. What is the greatest common factor of r and z?
8
Suppose -2*k - 4*x + 289 = -71, -5*k - 5*x + 875 = 0. Calculate the highest common factor of k and 272.
34
Let k = 8 + -1. Let t = -128 - -77. Let p be (-6)/t - (-7128)/102. Calculate the highest common divisor of p and k.
7
Suppose -2*o - 5 = -4*z + 15, -4*o + 5*z = 37. Let s be o/44 - 1102/(-11). What is the highest common factor of s and 25?
25
Let h = -126 - -158. Calculate the greatest common factor of h and 288.
32
Let p = 23 + -19. Suppose -p = f, t + 4*f + f - 20 = 0. Let k = -8 - -18. Calculate the highest common divisor of t and k.
10
Let c(z) = z + 16. Let b be c(7). Let f = -37 + 60. What is the highest common divisor of f and b?
23
Let m(n) = -2 - 2*n - 4 + 4*n + 3. Let p be m(4). Suppose 3 = a + 1. What is the highest common divisor of a and p?
1
Suppose -5*j + 5*t + 14150 = 0, 5*j + 4*t - 6*t = 14150. What is the greatest common divisor of 10 and j?
10
Suppose 0 = -2*s + 4*b + 14, -2*b + 0 = 2*s - 8. Suppose -83 = -s*u + 5*l + 117, 0 = -u - 2*l + 52. What is the greatest common factor of 11 and u?
11
Let d(l) = -4*l**3 - 3*l**2 - 3*l + 3. Let v be d(-3). Let f(u) = 3*u + 5. Let q be f(19). What is the highest common factor of v and q?
31
Let c(j) = j**3 + 2*j**2 - 15*j - 8. Let x be c(4). Calculate the greatest common divisor of x and 133.
7
Let b(u) = 2*u**2 + 3*u - 5*u + 0*u. Suppose 0*d + 2*d = -2. Let p be b(d). Calculate the greatest common divisor of 32 and p.
4
Suppose -4*n = 2*l - 6, 0*n + 13 = 2*l - 3*n. Let p(x) = 5 - 2 - 2*x + 2. Let f be p(-5). Calculate the highest common divisor of l and f.
5
Let p(b) = 2*b - 3*b - 2*b - 24. Let l be p(-11). What is the greatest common factor of 90 and l?
9
Suppose -a - 181 + 346 = 0. Calculate the highest common factor of a and 55.
55
Suppose 5*a - 161 = -f, 0 = 5*a - f - 121 - 38. What is the greatest common divisor of 24 and a?
8
Suppose -4*l = 3*p + 188, l + 4*p + 104 = -l. Let v = 80 + l. Let k be ((-1)/2)/(3/144*-1). Calculate the highest common factor of v and k.
12
Let u = 62 + -47. Calculate the greatest common factor of u and 1185.
15
Suppose 159*o - 4*x - 345 = 156*o, 5*x - 96 = -o. What is the greatest common factor of o and 2109?
111
Let l = 19 + -13. Let r be 416/39*(-6)/(-8). What is the greatest common divisor of l and r?
2
Let z(a) = -46*a + 237. Let d be z(5). What is the highest common factor of d and 1127?
7
Suppose -2 = -2*g - 28. Let u = -47 - -27. Let z = g - u. Calculate the highest common factor of 1 and z.
1
Suppose 0 = -z - 2 + 18. Suppose -288 = 7*w - 13*w. Calculate the highest common factor of z and w.
16
Let p = -133 + 118. Let k(g) = -3*g + 51. Let u be k(p). What is the greatest common divisor of 24 and u?
24
Let h(t) = -t**3 + 6*t**2 + 3*t + 27. Let c be h(7). Let y(w) = 3*w**2 - 3*w - 4. Let m be y(c). Let u = 30 - 12. What is the highest common factor of u and m?
2
Let b be 21 + -18*(-3 + 60/18). Let m = 6 + 24. Calculate the highest common divisor of b and m.
15
Let t = 158 - 110. Suppose 5*g - 40 = 27*u - 25*u, -5*u - 25 = 0. What is the greatest common factor of g and t?
6
Let w be 3/(-6)*1*-4. Suppose -4*f = -5*s + 63, -4*f + f - 28 = -2*s. Suppose -s = -w*u - 3. What is the highest common factor of 8 and u?
4
Suppose 0 = -10*r + 897 - 147. What is the highest common factor of r and 60?
15
Let r(s) be the first derivative of 22*s**3/3 - s**2 - s + 6. Let b be r(-1). Suppose 0 = -2*d - 3*d + 230. Calculate the greatest common factor of b and d.
23
Let h = 80 - 18. Let u = h - 51. What is the greatest common divisor of 33 and u?
11
Suppose -17 = 2*p - 3*c - 14, 3*p - 2*c = 8. What is the greatest common divisor of 729 and p?
3
Suppose -4*i + 3*p + 240 + 550 = 0, i - p = 198. Let q be 772/28 + 9/21. Calculate the greatest common divisor of i and q.
28
Suppose -5*f + 31 = -794. Let u = -60 - -75. What is the highest common factor of u and f?
15
Suppose -4*x = -4*s + 16, -2*x - 4 = -s - 0*s. Let l be (12 + -12)*(0 + (-2 - -1)). Suppose l = 3*m - 101 - 7. Calculate the greatest common factor of s and m.
4
Suppose 4*n = 3*n + 6. Let b(p) = p**3 - 7*p**2 + 8*p - 9. Let a be b(n). Suppose 0 = a*c - c - 126. What is the greatest common factor of c and 7?
7
Let o(k) = -5*k**2 - 6*k + 1. Let y be o(-1). Calculate the greatest common factor of y and 43.
1
Let u be 1148472/396 - ((-24)/33)/(-4). What is the highest common factor of u and 116?
116
Suppose j - 108 = -j. Let c(u) = u**2 + 6*u - 10. Let z be c(-8). Suppose -4*s = -3*s - z. Calculate the highest common divisor of j and s.
6
Let u(c) = c**3 - 15*c**2 - 15*c - 18. Let d be u(16). Let w be -8 - -12 - 248/d. What is the greatest common factor of 16 and w?
16
Let p be (15/2)/(15/50). Suppose -4*n = -141 + p. Let f = n + -15. Calculate the highest common divisor of f and 70.
14
Let k(u) = u**3 - 3*u**2 - 9*u - 36. Let q be k(6). Calculate the greatest common divisor of 198 and q.
18
Let p = 11 - 9. Suppose 0 = -3*v - p*v + 125. What is the highest common divisor of v and 10?
5
Let b = -723 + 801. What is the highest common factor of 117 and b?
39
Let g(b) be the third derivative of 0 + 0*b + 1/3*b**4 - b**3 - b**2. Let u be g(3). What is the greatest common factor of 9 and u?
9
Suppose 8*h = 3*h + 20. Let i = 14 - 16. Let r(u) = 2*u**2 + 2. Let t be r(i). What is the highest common divisor of t and h?
2
Let s(h) = h**3 + 4*h**2 + 2*h - 2. Let x be s(-2). Suppose -x = -5*m + 3. Suppose 